8811 composite?
True
Is 11590421 a composite number?
True
Is 1755023 a prime number?
True
Is 48797335 prime?
False
Is 68969473 a prime number?
True
Is 21628627 a composite number?
False
Is 35098521 a prime number?
False
Is 6327331 a prime number?
True
Is 12851309 a prime number?
True
Is 4409513 a composite number?
False
Is 24446981 a prime number?
False
Is 1777513 prime?
True
Is 156853159 prime?
True
Is 177179707 a prime number?
False
Is 5316917 a composite number?
False
Is 266141 a prime number?
False
Is 523744289 a prime number?
True
Is 26825179 prime?
True
Is 1128451 prime?
True
Is 584587 a prime number?
True
Is 1465013 a prime number?
False
Is 54443306 a composite number?
True
Is 279259459 composite?
True
Is 152174507 a prime number?
True
Is 2607737 a composite number?
True
Is 124392187 a prime number?
False
Is 422364377 prime?
True
Is 650224231 a prime number?
True
Is 4724935 a composite number?
True
Is 1652671 a prime number?
True
Is 1689947 a prime number?
False
Is 32164277 a prime number?
False
Is 2594447 a composite number?
True
Is 10673123 a composite number?
False
Is 12169421 a prime number?
False
Is 83261947 prime?
True
Is 2562734 a prime number?
False
Is 7923637 a composite number?
True
Is 55279129 prime?
True
Is 42221469 composite?
True
Is 4452187 composite?
False
Is 5671859 a composite number?
False
Is 734777 prime?
False
Is 145429481 prime?
False
Is 31294573 prime?
False
Is 37819657 a composite number?
True
Is 738421 prime?
True
Is 46651789 a composite number?
False
Is 579389 a composite number?
True
Is 9650273 prime?
True
Is 4418707 prime?
False
Is 869233 composite?
False
Is 2638151 composite?
True
Is 10606571 composite?
False
Is 8168515 composite?
True
Is 1390241 a composite number?
False
Is 471631403 a composite number?
True
Is 150285379 a composite number?
True
Is 12474263 composite?
True
Is 39080419 a prime number?
False
Is 123228223 prime?
False
Is 476251849 composite?
False
Is 728779 prime?
False
Is 1836577 prime?
False
Is 4330549 composite?
True
Is 1090314257 prime?
True
Is 6079701 composite?
True
Is 9435259 composite?
True
Is 212084889 a composite number?
True
Is 21846943 a prime number?
False
Is 16035613 composite?
True
Is 190207 composite?
False
Is 29421551 composite?
False
Is 53993677 prime?
True
Is 121728961 prime?
True
Is 1294013 composite?
True
Is 411377009 composite?
True
Is 1209337 a composite number?
False
Is 927211 composite?
True
Is 4705007 a composite number?
False
Is 7274857 prime?
True
Is 2670217 a prime number?
False
Is 146522435 prime?
False
Is 25143413 a prime number?
True
Is 25183651 a prime number?
True
Is 24152693 prime?
True
Is 1927007 composite?
False
Is 41949613 a composite number?
False
Is 3116303 a prime number?
True
Is 60575815 prime?
False
Is 57789757 a composite number?
False
Is 1824689 composite?
False
Is 1326241 prime?
False
Is 60912899 prime?
True
Is 246004459 a composite number?
False
Is 134333497 composite?
False
Is 60503554 a composite number?
True
Is 4555783 a composite number?
False
Is 88914093 composite?
True
Is 54093941 composite?
True
Is 99245381 prime?
True
Is 289417 a prime number?
True
Is 18049021 prime?
True
Is 89117309 composite?
False
Is 19759327 a prime number?
False
Is 6870839 composite?
True
Is 3715549 a composite number?
True
Is 203906299 composite?
False
Is 11294203 a composite number?
False
Is 17675321 a composite number?
True
Is 5426779 a composite number?
False
Is 219017 composite?
False
Is 1359331 prime?
False
Is 1650021 a composite number?
True
Is 4652153 a prime number?
False
Is 48997661 a composite number?
False
Is 67951457 prime?
False
Is 51833741 composite?
True
Is 92938261 composite?
True
Is 6722141 composite?
True
Is 1148039 prime?
True
Is 41073811 prime?
False
Is 2159737 a prime number?
False
Is 1023395 prime?
False
Is 1803703 composite?
True
Is 51276949 a prime number?
True
Is 3525293 prime?
True
Is 1526741 a prime number?
True
Is 1151261 a prime number?
False
Is 2914823 composite?
True
Is 3855529 a composite number?
True
Is 5095037 composite?
False
Is 45729973 a composite number?
False
Is 6743027 prime?
False
Is 5525183 a composite number?
False
Is 380612467 a prime number?
False
Is 5627158 a composite number?
True
Is 15189383 a prime number?
False
Is 38522035 composite?
True
Is 82919399 a composite number?
False
Is 10771333 prime?
False
Is 75367 composite?
False
Is 7469329 a composite number?
True
Is 65326413 prime?
False
Is 551329 a prime number?
False
Is 71034214 a composite number?
True
Is 10449973 a composite number?
True
Is 41988863 a prime number?
False
Is 142707259 composite?
True
Is 22703762 a composite number?
True
Is 7526339 a composite number?
False
Is 151092593 a composite number?
False
Is 19568863 a composite number?
False
Is 100102421 composite?
False
Is 5292961 prime?
False
Is 165041077 a composite number?
True
Is 108985981 a composite number?
True
Is 11864981 a prime number?
True
Is 50555233 composite?
True
Is 8794577 a prime number?
False
Is 5751101 a prime number?
True
Is 23578169 a prime number?
True
Is 203587 prime?
False
Is 4503593 a composite number?
False
Is 123907327 a prime number?
True
Is 5046617 a prime number?
False
Is 7198451 prime?
False
Is 2964701 a prime number?
False
Is 5643107 prime?
False
Is 60814618 a prime number?
False
Is 3517063 composite?
True
Is 27256451 a prime number?
True
Is 683987 a composite number?
True
Is 2568011 prime?
True
Is 21205279 a composite number?
False
Is 30236857 a composite number?
True
Is 13054313 prime?
True
Is 573637 a composite number?
False
Is 2860863 prime?
False
Is 84717107 a composite number?
False
Is 145851913 composite?
False
Is 18115693 a composite number?
True
Is 336354869 composite?
False
Is 173874599 prime?
True
Is 3243323 prime?
True
Is 169845233 a composite number?
True
Is 119292727 a composite number?
False
Is 164208197 prime?
True
Is 32013511 a composite number?
False
Is 100206851 composite?
False
Is 3054769 prime?
True
Is 1932263 a prime number?
True
Is 211736339 a prime number?
True
Is 8258269 a composite number?
False
Is 12166307 composite?
False
Is 8342245 a composite number?
True
Is 20020129 a composite number?
True
Is 102579413 composite?
False
Is 46347926 composite?
True
Is 2248891 a composite number?
True
Is 2857469 a composite number?
False
Is 10485689 prime?
False
Is 19016731 a prime number?
True
Is 70273397 composite?
True
Is 110756101 a composite number?
False
Is 26860219 a composite number?
True
Is 147372601 composite?
True
Is 233671429 composite?
False
Is 75686069 a prime number?
True
Is 48785437 a composite number?
False
Is 149029807 prime?
True
Is 233501869 a prime number?
True
Is 435373 prime?
False
Is 2316749 a composite number?
True
Is 468589477 a composite number?
False
Is 231096011 a prime number?
False
Is 46408049 composite?
False
Is 39529789 a prime number?
False
Is 3743 a prime number?
False
Is 227929967 a prime number?
False
Is 1248893 a composite number?
False
Is 20537353 a prime number?
True
Is 10471361 composite?
False
Is 2226491 prime?
False
Is 188767 a prime number?
True
Is 6502771 composite?
True
Is 37207303 a composite number?
True
Is 13826447 prime?
True
Is 3371989 a prime number?
True
Is 21142549 a prime number?
False
Is 29896889 a composite number?
True
Is 83771377 a composite number?
False
Is 36612721 a prime number?
False
Is 10652117 a composite number?
True
Is 183664023 composite?
True
Is 269489 a composite number?
True
Is 37409297 a composite number?
False
Is 1090813 a composite number?
True
Is 629591647 a prime number?
True
Is 3334501 a composite number?
True
Is 266239 a prime number?
True
Is 22454953 prime?
True
Is 7437691 composite?
True
Is 30855427 a composite number?
False
Is 1077707 prime?
True
Is 42408167 prime?
True
Is 1634341 composite?
False
Is 7996073 a prime number?
True
Is 1690811 a prime number?
True
Is 3235961 a prime number?
True
Is 2465819 prime?
True
Is 932917 prime?
True
Is 236747573 a prime number?
False
Is 746267 a composite number?
False
Is 130362209 prime?
True
Is 4956033 composite?
True
Is 11279039 a composite number?
True
Is 416794573 a prime number?
False
Is 167321207 a prime number?
True
Is 2476063027 prime?
True
Is 1158891 prime?
False
Is 288796769 a composite number?
False
Is 47715307 a prime number?
False
